{"id":620,"date":"2022-03-30T20:19:41","date_gmt":"2022-03-30T19:19:41","guid":{"rendered":"https:\/\/igvau.de\/?post_type=yada_wiki&#038;p=620"},"modified":"2022-03-30T20:19:41","modified_gmt":"2022-03-30T19:19:41","slug":"ueberquerung-eversbuschstrasse-hoehe-st-johann-strasse","status":"publish","type":"yada_wiki","link":"http:\/\/igvau.de\/?yada_wiki=ueberquerung-eversbuschstrasse-hoehe-st-johann-strasse","title":{"rendered":"\u00dcberquerung Eversbuschstra\u00dfe H\u00f6he St.-Johann-Stra\u00dfe"},"content":{"rendered":"<h1 style=\"margin: 0in; font-family: Calibri; font-size: 14.0pt; color: #1e4e79;\">Was ist das Problem?<\/h1>\n<p style=\"margin: 0in; font-family: Calibri; font-size: 11.0pt;\">\n<p style=\"margin: 0in; font-family: Calibri; font-size: 11.0pt;\">An der Eversbuschstra\u00dfe auf H\u00f6he der St.-Johann-Stra\u00dfe befinden sich u.a. eine Arztpraxis und eine Bushaltestelle. Es gibt viele \u00e4ltere Menschen und auch Kinder, die die Eversbuschstra\u00dfe an dieser Stelle \u00fcberqueren und dabei gef\u00e4hrdet sind.<\/p>\n<p style=\"margin: 0in; font-family: Calibri; font-size: 11.0pt;\">\n<h1 style=\"margin: 0in; font-family: Calibri; font-size: 14.0pt; color: #1e4e79;\">Welche Ma\u00dfnahmen gab es bisher?<\/h1>\n<p style=\"margin: 0in; font-family: Calibri; font-size: 11.0pt;\">\n<p style=\"margin: 0in; font-family: Calibri; font-size: 11.0pt;\">Es gibt einen Beschluss der Stadt, an dieser Stelle eine Ampel zu errichten. Dies wurde auch vom Bezirksausschuss gefordert.<\/p>\n<p style=\"margin: 0in; font-family: Calibri; font-size: 11.0pt;\">\n<p style=\"margin: 0in;\"><span style=\"font-family: Calibri; font-size: 11.0pt;\">Im Oktober 2016 gab es einen Ortstermin des KVR in der Eversbuschstra\u00dfe, der auch durch unsere Antr\u00e4ge auf B\u00fcrgerversammlungen zustande kam. Wir haben bei dem Ortstermin u.a. die Notwendigkeit einer Ampel an dieser Stelle angemerkt.<\/p>\n<p><\/span><span style=\"font-family: Verdana; font-size: 9.0pt;\">Auch eine B\u00fcrgerversammlungsempfehlung von Juni 2017 hat die Ampel zum Thema (BV-Empfehlung 14-20 \/ E 01540). Im Ratsinformationssystem der Stadt M\u00fcnchen (RIS) kann man nachlesen, dass diese Empfehlung im Januar 2018 erledigt wurde. Details stehen hier:<br \/>\n<\/span><a href=\"https:\/\/risi.muenchen.de\/risi\/antrag\/detail\/4542819\"><span style=\"font-family: Verdana; font-size: 9.0pt;\">https:\/\/risi.muenchen.de\/risi\/antrag\/detail\/4542819<\/span><\/a><span style=\"font-family: Verdana; font-size: 9.0pt;\"><br \/>\n<\/span><span style=\"font-family: Calibri; font-size: 11.0pt;\"><br \/>\nBisher ist es aber leider unm\u00f6glich zu erfahren, wann diese Ampel gebaut wird.<br \/>\n<\/span><\/p>\n<h1 style=\"margin: 0in; font-family: Calibri; font-size: 14.0pt; color: #1e4e79;\">Was denken wir dazu und was schlagen wir vor?<\/h1>\n<p style=\"margin: 0in; font-family: Calibri; font-size: 11.0pt;\">\n<p style=\"margin: 0in; font-family: Calibri; font-size: 11.0pt;\">Wir w\u00fcnschen uns, dass die Ampel endlich gebaut wird und wundern uns, dass das Vorgehen der Stadtverwaltung an dieser Stelle v\u00f6llig intransparent ist. Weder Zeitpunkt noch Kriterien f\u00fcr eine Priorisierung der in M\u00fcnchen neu zu installierenden Fu\u00dfg\u00e4nger\u00fcberwege werden kommuniziert. Eine Wartezeit von \u00fcber 4 Jahren nach einer B\u00fcrgerversammlungsempfehlung ist nicht zeitgem\u00e4\u00df und erzeugt bei Anwohnern den Eindruck, dass man mit B\u00fcrgerbeteiligung nicht wirklich etwas erreicht.<\/p>\n","protected":false},"author":1,"featured_media":0,"comment_status":"open","ping_status":"closed","template":"","meta":{"footnotes":""},"wiki_cats":[],"wiki_tags":[],"class_list":["post-620","yada_wiki","type-yada_wiki","status-publish","hentry"],"_links":{"self":[{"href":"http:\/\/igvau.de\/index.php?rest_route=\/wp\/v2\/yada_wiki\/620","targetHints":{"allow":["GET"]}}],"collection":[{"href":"http:\/\/igvau.de\/index.php?rest_route=\/wp\/v2\/yada_wiki"}],"about":[{"href":"http:\/\/igvau.de\/index.php?rest_route=\/wp\/v2\/types\/yada_wiki"}],"author":[{"embeddable":true,"href":"http:\/\/igvau.de\/index.php?rest_route=\/wp\/v2\/users\/1"}],"replies":[{"embeddable":true,"href":"http:\/\/igvau.de\/index.php?rest_route=%2Fwp%2Fv2%2Fcomments&post=620"}],"version-history":[{"count":1,"href":"http:\/\/igvau.de\/index.php?rest_route=\/wp\/v2\/yada_wiki\/620\/revisions"}],"predecessor-version":[{"id":622,"href":"http:\/\/igvau.de\/index.php?rest_route=\/wp\/v2\/yada_wiki\/620\/revisions\/622"}],"wp:attachment":[{"href":"http:\/\/igvau.de\/index.php?rest_route=%2Fwp%2Fv2%2Fmedia&parent=620"}],"wp:term":[{"taxonomy":"wiki_cats","embeddable":true,"href":"http:\/\/igvau.de\/index.php?rest_route=%2Fwp%2Fv2%2Fwiki_cats&post=620"},{"taxonomy":"wiki_tags","embeddable":true,"href":"http:\/\/igvau.de\/index.php?rest_route=%2Fwp%2Fv2%2Fwiki_tags&post=620"}],"curies":[{"name":"wp","href":"https:\/\/api.w.org\/{rel}","templated":true}]}}

Überquerung Eversbuschstraße Höhe St.-Johann-Straße

<h1 style="margin: 0in; font-family: Calibri; font-size: 14.0pt; color: #1e4e79;">Was ist das Problem?</h1>
<p style="margin: 0in; font-family: Calibri; font-size: 11.0pt;">
<p style="margin: 0in; font-family: Calibri; font-size: 11.0pt;">An der Eversbuschstraße auf Höhe der St.-Johann-Straße befinden sich u.a. eine Arztpraxis und eine Bushaltestelle. Es gibt viele ältere Menschen und auch Kinder, die die Eversbuschstraße an dieser Stelle überqueren und dabei gefährdet sind.</p>
<p style="margin: 0in; font-family: Calibri; font-size: 11.0pt;">
<h1 style="margin: 0in; font-family: Calibri; font-size: 14.0pt; color: #1e4e79;">Welche Maßnahmen gab es bisher?</h1>
<p style="margin: 0in; font-family: Calibri; font-size: 11.0pt;">
<p style="margin: 0in; font-family: Calibri; font-size: 11.0pt;">Es gibt einen Beschluss der Stadt, an dieser Stelle eine Ampel zu errichten. Dies wurde auch vom Bezirksausschuss gefordert.</p>
<p style="margin: 0in; font-family: Calibri; font-size: 11.0pt;">
<p style="margin: 0in;"><span style="font-family: Calibri; font-size: 11.0pt;">Im Oktober 2016 gab es einen Ortstermin des KVR in der Eversbuschstraße, der auch durch unsere Anträge auf Bürgerversammlungen zustande kam. Wir haben bei dem Ortstermin u.a. die Notwendigkeit einer Ampel an dieser Stelle angemerkt.</p>
<p></span><span style="font-family: Verdana; font-size: 9.0pt;">Auch eine Bürgerversammlungsempfehlung von Juni 2017 hat die Ampel zum Thema (BV-Empfehlung 14-20 / E 01540). Im Ratsinformationssystem der Stadt München (RIS) kann man nachlesen, dass diese Empfehlung im Januar 2018 erledigt wurde. Details stehen hier:<br />
</span><a href="https://risi.muenchen.de/risi/antrag/detail/4542819"><span style="font-family: Verdana; font-size: 9.0pt;">https://risi.muenchen.de/risi/antrag/detail/4542819</span></a><span style="font-family: Verdana; font-size: 9.0pt;"><br />
</span><span style="font-family: Calibri; font-size: 11.0pt;"><br />
Bisher ist es aber leider unmöglich zu erfahren, wann diese Ampel gebaut wird.<br />
</span></p>
<h1 style="margin: 0in; font-family: Calibri; font-size: 14.0pt; color: #1e4e79;">Was denken wir dazu und was schlagen wir vor?</h1>
<p style="margin: 0in; font-family: Calibri; font-size: 11.0pt;">
<p style="margin: 0in; font-family: Calibri; font-size: 11.0pt;">Wir wünschen uns, dass die Ampel endlich gebaut wird und wundern uns, dass das Vorgehen der Stadtverwaltung an dieser Stelle völlig intransparent ist. Weder Zeitpunkt noch Kriterien für eine Priorisierung der in München neu zu installierenden Fußgängerüberwege werden kommuniziert. Eine Wartezeit von über 4 Jahren nach einer Bürgerversammlungsempfehlung ist nicht zeitgemäß und erzeugt bei Anwohnern den Eindruck, dass man mit Bürgerbeteiligung nicht wirklich etwas erreicht.</p>
