{"id":55,"date":"2016-08-02T10:56:40","date_gmt":"2016-08-02T08:56:40","guid":{"rendered":"https:\/\/igvau.wordpress.com\/?page_id=55"},"modified":"2024-01-15T14:59:43","modified_gmt":"2024-01-15T13:59:43","slug":"naechste-termine","status":"publish","type":"page","link":"http:\/\/igvau.de\/?page_id=55","title":{"rendered":"Termine"},"content":{"rendered":"<h3>Vereinssitzungen \/ Offener Treff<\/h3>\n<p>Normalerweise am ersten Mittwoch jedes zweiten Monats. Auch G\u00e4ste sind herzlich eingeladen!<br \/>\nDas n\u00e4chste Treffen ist <span style=\"color: #000000;\"><strong>am 15.01.2024 <\/strong><\/span>(Details bitte per E-Mail anfragen an <a href=\"vorstand@igvau.de\">vorstand@igvau.de<\/a>).<\/p>\n<h3>Jahres-Mitgliederversammlung<\/h3>\n<p>Die Mitgliederversammlung 2024 findet vsl. im November 2024 statt.<\/p>\n<h3><a href=\"https:\/\/www.muenchen-transparent.de\/bezirksausschuss\/23\/termine\" target=\"_blank\" rel=\"noopener noreferrer\">Sitzungen des Bezirksausschusses 23<\/a><\/h3>\n<p>Regelm\u00e4\u00dfig am zweiten Dienstag im Monat ab 19 Uhr. Die n\u00e4chsten Termine sind:<\/p>\n<ul>\n<li><strong>06.02.2024 <\/strong>Mensa Grundschule Theodor-Fischer-Stra\u00dfe<\/li>\n<li>13.03.2024 Vereinsheim Eversbuschstr. 161<\/li>\n<li>09.04.2024 Mensa Schulzentrum Pfarrer-Grimm-Stra\u00dfe<\/li>\n<\/ul>\n<h3><a href=\"https:\/\/stadt.muenchen.de\/news\/buergerversammlungen-termine.html\" target=\"_blank\" rel=\"noopener noreferrer\">B\u00fcrgerversammlung Stadtbezirk 23<\/a><\/h3>\n<p>Die Versammlung 2024 findet am 16.07.2024 in der Sporthalle des Pfarrer-Grimm-Schulcampus statt.<\/p>\n","protected":false},"excerpt":{"rendered":"<p>Vereinssitzungen \/ Offener Treff Normalerweise am ersten Mittwoch jedes zweiten Monats. Auch G\u00e4ste sind herzlich eingeladen! Das n\u00e4chste Treffen ist<\/p>\n","protected":false},"author":1,"featured_media":0,"parent":0,"menu_order":0,"comment_status":"closed","ping_status":"closed","template":"","meta":{"footnotes":""},"class_list":["post-55","page","type-page","status-publish","hentry","comments-off"],"_links":{"self":[{"href":"http:\/\/igvau.de\/index.php?rest_route=\/wp\/v2\/pages\/55","targetHints":{"allow":["GET"]}}],"collection":[{"href":"http:\/\/igvau.de\/index.php?rest_route=\/wp\/v2\/pages"}],"about":[{"href":"http:\/\/igvau.de\/index.php?rest_route=\/wp\/v2\/types\/page"}],"author":[{"embeddable":true,"href":"http:\/\/igvau.de\/index.php?rest_route=\/wp\/v2\/users\/1"}],"replies":[{"embeddable":true,"href":"http:\/\/igvau.de\/index.php?rest_route=%2Fwp%2Fv2%2Fcomments&post=55"}],"version-history":[{"count":78,"href":"http:\/\/igvau.de\/index.php?rest_route=\/wp\/v2\/pages\/55\/revisions"}],"predecessor-version":[{"id":717,"href":"http:\/\/igvau.de\/index.php?rest_route=\/wp\/v2\/pages\/55\/revisions\/717"}],"wp:attachment":[{"href":"http:\/\/igvau.de\/index.php?rest_route=%2Fwp%2Fv2%2Fmedia&parent=55"}],"curies":[{"name":"wp","href":"https:\/\/api.w.org\/{rel}","templated":true}]}}