{"id":187,"date":"2016-12-10T22:00:18","date_gmt":"2016-12-10T21:00:18","guid":{"rendered":"http:\/\/igvau.de\/?page_id=187"},"modified":"2017-12-03T09:45:23","modified_gmt":"2017-12-03T08:45:23","slug":"ueber-uns","status":"publish","type":"page","link":"http:\/\/igvau.de\/?page_id=187","title":{"rendered":"\u00dcber uns"},"content":{"rendered":"<p><a name=\"top\"><\/a><br \/>\n<strong>Wer wir sind <\/strong><\/p>\n<p>Wir sind B\u00fcrger aus Allach und Untermenzing, die sinnvolle L\u00f6sungen f\u00fcr die zunehmende Verkehrsproblematik in unserem Stadtbezirk fordern. Wir erleben den Verkehr aus verschiedenen Blickwinkeln, als alteingesessene und neuzugezogene Anwohner, als Eltern von Schulkindern auf dem Schulweg, als Fu\u00dfg\u00e4nger, Fahrrad- oder Autofahrer.<!--more--><\/p>\n<p><strong>Was wir wollen\u00a0<\/strong><\/p>\n<p>Eines ist uns gemeinsam: Wir halten <a href=\"#Probleme\">wesentliche Probleme<\/a> f\u00fcr ungel\u00f6st und m\u00f6chten, dass dies entschiedener, transparenter und mit h\u00f6herer Beteiligung der B\u00fcrger angegangen wird.<\/p>\n<p><a href=\"http:\/\/igvau.de\/?attachment_id=282\" rel=\"attachment wp-att-282\"><img loading=\"lazy\" decoding=\"async\" class=\"aligncenter wp-image-282 size-large\" src=\"http:\/\/igvau.de\/wp-content\/uploads\/2017\/07\/Verkehrssituation-Eversbuschstra\u00dfe-c-A-P\u00fctz-1024x768.jpg\" alt=\"\" width=\"616\" height=\"462\" srcset=\"http:\/\/igvau.de\/wp-content\/uploads\/2017\/07\/Verkehrssituation-Eversbuschstra\u00dfe-c-A-P\u00fctz-1024x768.jpg 1024w, http:\/\/igvau.de\/wp-content\/uploads\/2017\/07\/Verkehrssituation-Eversbuschstra\u00dfe-c-A-P\u00fctz-300x225.jpg 300w, http:\/\/igvau.de\/wp-content\/uploads\/2017\/07\/Verkehrssituation-Eversbuschstra\u00dfe-c-A-P\u00fctz-768x576.jpg 768w, http:\/\/igvau.de\/wp-content\/uploads\/2017\/07\/Verkehrssituation-Eversbuschstra\u00dfe-c-A-P\u00fctz-816x612.jpg 816w\" sizes=\"auto, (max-width: 616px) 100vw, 616px\" \/><\/a><\/p>\n<p>Wir laden alle betroffenen B\u00fcrger ein, bei uns mitzumachen, z.B.<\/p>\n<ul>\n<li>bei unseren <a href=\"http:\/\/igvau.de\/?page_id=55\">regelm\u00e4\u00dfigen Vereinstreffen<\/a> (erster Mittwoch im Monat, 20 Uhr Schie\u00dfst\u00e4tte)<\/li>\n<li>mit Beitr\u00e4gen und Ideen auf dieser Website (wir haben kein &#8222;Forum&#8220;, beantworten aber gerne E-Mails an <a class=\"moz-txt-link-abbreviated\" href=\"mailto:kontakt@igvau.de\">kontakt@igvau.de <\/a>und nehmen Anregungen und Informationen gerne auf unserer Website auf.<\/li>\n<li>Vertretung von B\u00fcrgeranliegen zur Verkehrssicherheit bei den <a href=\"http:\/\/igvau.de\/?page_id=55\">monatlichen Bezirksausschussitzungen<\/a> und der j\u00e4hrlichen B\u00fcrgerversammlung.<\/li>\n<\/ul>\n<p>Wir suchen den Dialog und die Kooperation mit den lokalen Politikern, v.a. dem <a href=\"https:\/\/www.ris-muenchen.de\/RII\/BA-RII\/ba_sitzungen_details.jsp?Id=3833907\" target=\"_blank\" rel=\"noopener noreferrer\">Bezirksausschuss 23<\/a>, sowie Verkehrsverb\u00e4nden [<a href=\"https:\/\/www.adfc-muenchen.de\/adfc-muenchen\/arbeitsgruppen\/verkehr-stadtgebiet\/\" target=\"_blank\" rel=\"noopener noreferrer\">ADFC<\/a> und <a href=\"http:\/\/www.vcd-m.org\/\" target=\"_blank\" rel=\"noopener noreferrer\">VCD<\/a>].<\/p>\n<p>Unser erstes <a href=\"http:\/\/igvau.de\/?p=15\">Positionspapier<\/a> haben wir zur Bezirksversammlung 2016 ver\u00f6ffentlicht.<\/p>\n<p><!--more--><\/p>\n<p><a name=\"Probleme\"><\/a><strong>Welche Probleme sehen wir in Allach und Untermenzing?<\/strong><\/p>\n<ul>\n<li>Gef\u00e4hrliche Schulwege<\/li>\n<li>Hohe L\u00e4rmbelastung<\/li>\n<li>Hohe Feinstaubbelastung<\/li>\n<li>Drohender Verkehrsinfarkt<\/li>\n<li>Kein Konzept f\u00fcr den zunehmenden Verkehr<\/li>\n<\/ul>\n<p>&nbsp;<\/p>\n<p><a href=\"#top\">nach oben<\/a><\/p>\n","protected":false},"excerpt":{"rendered":"<p>Wer wir sind Wir sind B\u00fcrger aus Allach und Untermenzing, die sinnvolle L\u00f6sungen f\u00fcr die zunehmende Verkehrsproblematik in unserem Stadtbezirk<\/p>\n","protected":false},"author":1,"featured_media":0,"parent":0,"menu_order":0,"comment_status":"closed","ping_status":"closed","template":"","meta":{"footnotes":""},"class_list":["post-187","page","type-page","status-publish","hentry","comments-off"],"_links":{"self":[{"href":"http:\/\/igvau.de\/index.php?rest_route=\/wp\/v2\/pages\/187","targetHints":{"allow":["GET"]}}],"collection":[{"href":"http:\/\/igvau.de\/index.php?rest_route=\/wp\/v2\/pages"}],"about":[{"href":"http:\/\/igvau.de\/index.php?rest_route=\/wp\/v2\/types\/page"}],"author":[{"embeddable":true,"href":"http:\/\/igvau.de\/index.php?rest_route=\/wp\/v2\/users\/1"}],"replies":[{"embeddable":true,"href":"http:\/\/igvau.de\/index.php?rest_route=%2Fwp%2Fv2%2Fcomments&post=187"}],"version-history":[{"count":13,"href":"http:\/\/igvau.de\/index.php?rest_route=\/wp\/v2\/pages\/187\/revisions"}],"predecessor-version":[{"id":312,"href":"http:\/\/igvau.de\/index.php?rest_route=\/wp\/v2\/pages\/187\/revisions\/312"}],"wp:attachment":[{"href":"http:\/\/igvau.de\/index.php?rest_route=%2Fwp%2Fv2%2Fmedia&parent=187"}],"curies":[{"name":"wp","href":"https:\/\/api.w.org\/{rel}","templated":true}]}}

Über uns

<p><a name="top"></a><br />
<strong>Wer wir sind </strong></p>
<p>Wir sind Bürger aus Allach und Untermenzing, die sinnvolle Lösungen für die zunehmende Verkehrsproblematik in unserem Stadtbezirk fordern. Wir erleben den Verkehr aus verschiedenen Blickwinkeln, als alteingesessene und neuzugezogene Anwohner, als Eltern von Schulkindern auf dem Schulweg, als Fußgänger, Fahrrad- oder Autofahrer.<!--more--></p>
<p><strong>Was wir wollen </strong></p>
<p>Eines ist uns gemeinsam: Wir halten <a href="#Probleme">wesentliche Probleme</a> für ungelöst und möchten, dass dies entschiedener, transparenter und mit höherer Beteiligung der Bürger angegangen wird.</p>
<p><a href="http://igvau.de/?attachment_id=282" rel="attachment wp-att-282"><img loading="lazy" decoding="async" class="aligncenter wp-image-282 size-large" src="http://igvau.de/wp-content/uploads/2017/07/Verkehrssituation-Eversbuschstraße-c-A-Pütz-1024x768.jpg" alt="" width="616" height="462" srcset="http://igvau.de/wp-content/uploads/2017/07/Verkehrssituation-Eversbuschstraße-c-A-Pütz-1024x768.jpg 1024w, http://igvau.de/wp-content/uploads/2017/07/Verkehrssituation-Eversbuschstraße-c-A-Pütz-300x225.jpg 300w, http://igvau.de/wp-content/uploads/2017/07/Verkehrssituation-Eversbuschstraße-c-A-Pütz-768x576.jpg 768w, http://igvau.de/wp-content/uploads/2017/07/Verkehrssituation-Eversbuschstraße-c-A-Pütz-816x612.jpg 816w" sizes="auto, (max-width: 616px) 100vw, 616px" /></a></p>
<p>Wir laden alle betroffenen Bürger ein, bei uns mitzumachen, z.B.</p>
<ul>
<li>bei unseren <a href="http://igvau.de/?page_id=55">regelmäßigen Vereinstreffen</a> (erster Mittwoch im Monat, 20 Uhr Schießstätte)</li>
<li>mit Beiträgen und Ideen auf dieser Website (wir haben kein &#8222;Forum&#8220;, beantworten aber gerne E-Mails an <a class="moz-txt-link-abbreviated" href="mailto:kontakt@igvau.de">kontakt@igvau.de </a>und nehmen Anregungen und Informationen gerne auf unserer Website auf.</li>
<li>Vertretung von Bürgeranliegen zur Verkehrssicherheit bei den <a href="http://igvau.de/?page_id=55">monatlichen Bezirksausschussitzungen</a> und der jährlichen Bürgerversammlung.</li>
</ul>
<p>Wir suchen den Dialog und die Kooperation mit den lokalen Politikern, v.a. dem <a href="https://www.ris-muenchen.de/RII/BA-RII/ba_sitzungen_details.jsp?Id=3833907" target="_blank" rel="noopener noreferrer">Bezirksausschuss 23</a>, sowie Verkehrsverbänden [<a href="https://www.adfc-muenchen.de/adfc-muenchen/arbeitsgruppen/verkehr-stadtgebiet/" target="_blank" rel="noopener noreferrer">ADFC</a> und <a href="http://www.vcd-m.org/" target="_blank" rel="noopener noreferrer">VCD</a>].</p>
<p>Unser erstes <a href="http://igvau.de/?p=15">Positionspapier</a> haben wir zur Bezirksversammlung 2016 veröffentlicht.</p>
<p><!--more--></p>
<p><a name="Probleme"></a><strong>Welche Probleme sehen wir in Allach und Untermenzing?</strong></p>
<ul>
<li>Gefährliche Schulwege</li>
<li>Hohe Lärmbelastung</li>
<li>Hohe Feinstaubbelastung</li>
<li>Drohender Verkehrsinfarkt</li>
<li>Kein Konzept für den zunehmenden Verkehr</li>
</ul>
<p>&nbsp;</p>
<p><a href="#top">nach oben</a></p>

<p>Wer wir sind Wir sind Bürger aus Allach und Untermenzing, die sinnvolle Lösungen für die zunehmende Verkehrsproblematik in unserem Stadtbezirk</p>
