{"id":282,"date":"2017-07-25T09:07:07","date_gmt":"2017-07-25T08:07:07","guid":{"rendered":"http:\/\/igvau.de\/wp-content\/uploads\/2017\/07\/Verkehrssituation-Eversbuschstra\u00dfe-c-A-P\u00fctz.jpg"},"modified":"2017-07-25T09:09:17","modified_gmt":"2017-07-25T08:09:17","slug":"verkehrssituation-eversbuschstrasse-c-a-puetz","status":"inherit","type":"attachment","link":"http:\/\/igvau.de\/?attachment_id=282","title":{"rendered":"Verkehrssituation Eversbuschstra\u00dfe &#8211; (c) A P\u00fctz"},"author":1,"featured_media":0,"comment_status":"open","ping_status":"closed","template":"","meta":[],"class_list":["post-282","attachment","type-attachment","status-inherit","hentry"],"description":{"rendered":"<p class=\"attachment\"><a href='http:\/\/igvau.de\/wp-content\/uploads\/2017\/07\/Verkehrssituation-Eversbuschstra\u00dfe-c-A-P\u00fctz.jpg'><img loading=\"lazy\" decoding=\"async\" width=\"300\" height=\"225\" src=\"http:\/\/igvau.de\/wp-content\/uploads\/2017\/07\/Verkehrssituation-Eversbuschstra\u00dfe-c-A-P\u00fctz-300x225.jpg\" class=\"attachment-medium size-medium\" alt=\"\" srcset=\"http:\/\/igvau.de\/wp-content\/uploads\/2017\/07\/Verkehrssituation-Eversbuschstra\u00dfe-c-A-P\u00fctz-300x225.jpg 300w, http:\/\/igvau.de\/wp-content\/uploads\/2017\/07\/Verkehrssituation-Eversbuschstra\u00dfe-c-A-P\u00fctz-768x576.jpg 768w, http:\/\/igvau.de\/wp-content\/uploads\/2017\/07\/Verkehrssituation-Eversbuschstra\u00dfe-c-A-P\u00fctz-1024x768.jpg 1024w, http:\/\/igvau.de\/wp-content\/uploads\/2017\/07\/Verkehrssituation-Eversbuschstra\u00dfe-c-A-P\u00fctz-816x612.jpg 816w\" sizes=\"auto, (max-width: 300px) 100vw, 300px\" \/><\/a><\/p>\n"},"caption":{"rendered":""},"alt_text":"","media_type":"image","mime_type":"image\/jpeg","media_details":{"width":3648,"height":2736,"file":"2017\/07\/Verkehrssituation-Eversbuschstra\u00dfe-c-A-P\u00fctz.jpg","sizes":{"thumbnail":{"file":"Verkehrssituation-Eversbuschstra\u00dfe-c-A-P\u00fctz-150x150.jpg","width":150,"height":150,"mime_type":"image\/jpeg","source_url":"http:\/\/igvau.de\/wp-content\/uploads\/2017\/07\/Verkehrssituation-Eversbuschstra\u00dfe-c-A-P\u00fctz-150x150.jpg"},"medium":{"file":"Verkehrssituation-Eversbuschstra\u00dfe-c-A-P\u00fctz-300x225.jpg","width":300,"height":225,"mime_type":"image\/jpeg","source_url":"http:\/\/igvau.de\/wp-content\/uploads\/2017\/07\/Verkehrssituation-Eversbuschstra\u00dfe-c-A-P\u00fctz-300x225.jpg"},"medium_large":{"file":"Verkehrssituation-Eversbuschstra\u00dfe-c-A-P\u00fctz-768x576.jpg","width":768,"height":576,"mime_type":"image\/jpeg","source_url":"http:\/\/igvau.de\/wp-content\/uploads\/2017\/07\/Verkehrssituation-Eversbuschstra\u00dfe-c-A-P\u00fctz-768x576.jpg"},"large":{"file":"Verkehrssituation-Eversbuschstra\u00dfe-c-A-P\u00fctz-1024x768.jpg","width":1024,"height":768,"mime_type":"image\/jpeg","source_url":"http:\/\/igvau.de\/wp-content\/uploads\/2017\/07\/Verkehrssituation-Eversbuschstra\u00dfe-c-A-P\u00fctz-1024x768.jpg"},"post-thumbnail":{"file":"Verkehrssituation-Eversbuschstra\u00dfe-c-A-P\u00fctz-88x88.jpg","width":88,"height":88,"mime_type":"image\/jpeg","source_url":"http:\/\/igvau.de\/wp-content\/uploads\/2017\/07\/Verkehrssituation-Eversbuschstra\u00dfe-c-A-P\u00fctz-88x88.jpg"},"post-image":{"file":"Verkehrssituation-Eversbuschstra\u00dfe-c-A-P\u00fctz-816x612.jpg","width":816,"height":612,"mime_type":"image\/jpeg","source_url":"http:\/\/igvau.de\/wp-content\/uploads\/2017\/07\/Verkehrssituation-Eversbuschstra\u00dfe-c-A-P\u00fctz-816x612.jpg"},"post-image-thumb":{"file":"Verkehrssituation-Eversbuschstra\u00dfe-c-A-P\u00fctz-400x200.jpg","width":400,"height":200,"mime_type":"image\/jpeg","source_url":"http:\/\/igvau.de\/wp-content\/uploads\/2017\/07\/Verkehrssituation-Eversbuschstra\u00dfe-c-A-P\u00fctz-400x200.jpg"},"full":{"file":"Verkehrssituation-Eversbuschstra\u00dfe-c-A-P\u00fctz.jpg","width":3648,"height":2736,"mime_type":"image\/jpeg","source_url":"http:\/\/igvau.de\/wp-content\/uploads\/2017\/07\/Verkehrssituation-Eversbuschstra\u00dfe-c-A-P\u00fctz.jpg"}},"image_meta":{"aperture":"4.9","credit":"","camera":"Canon PowerShot S95","caption":"","created_timestamp":"1394613864","copyright":"","focal_length":"22.5","iso":"160","shutter_speed":"0.008","title":"","orientation":"0","keywords":[]}},"post":187,"source_url":"http:\/\/igvau.de\/wp-content\/uploads\/2017\/07\/Verkehrssituation-Eversbuschstra\u00dfe-c-A-P\u00fctz.jpg","_links":{"self":[{"href":"http:\/\/igvau.de\/index.php?rest_route=\/wp\/v2\/media\/282","targetHints":{"allow":["GET"]}}],"collection":[{"href":"http:\/\/igvau.de\/index.php?rest_route=\/wp\/v2\/media"}],"about":[{"href":"http:\/\/igvau.de\/index.php?rest_route=\/wp\/v2\/types\/attachment"}],"author":[{"embeddable":true,"href":"http:\/\/igvau.de\/index.php?rest_route=\/wp\/v2\/users\/1"}],"replies":[{"embeddable":true,"href":"http:\/\/igvau.de\/index.php?rest_route=%2Fwp%2Fv2%2Fcomments&post=282"}],"wp:attached-to":[{"embeddable":true,"post_type":"page","id":187,"href":"http:\/\/igvau.de\/index.php?rest_route=\/wp\/v2\/pages\/187"}],"curies":[{"name":"wp","href":"https:\/\/api.w.org\/{rel}","templated":true}]}}

http://igvau.de/wp-content/uploads/2017/07/Verkehrssituation-Eversbuschstraße-c-A-Pütz.jpg

Verkehrssituation Eversbuschstraße &#8211; (c) A Pütz

<p class="attachment"><a href='http://igvau.de/wp-content/uploads/2017/07/Verkehrssituation-Eversbuschstraße-c-A-Pütz.jpg'><img loading="lazy" decoding="async" width="300" height="225" src="http://igvau.de/wp-content/uploads/2017/07/Verkehrssituation-Eversbuschstraße-c-A-Pütz-300x225.jpg" class="attachment-medium size-medium" alt="" srcset="http://igvau.de/wp-content/uploads/2017/07/Verkehrssituation-Eversbuschstraße-c-A-Pütz-300x225.jpg 300w, http://igvau.de/wp-content/uploads/2017/07/Verkehrssituation-Eversbuschstraße-c-A-Pütz-768x576.jpg 768w, http://igvau.de/wp-content/uploads/2017/07/Verkehrssituation-Eversbuschstraße-c-A-Pütz-1024x768.jpg 1024w, http://igvau.de/wp-content/uploads/2017/07/Verkehrssituation-Eversbuschstraße-c-A-Pütz-816x612.jpg 816w" sizes="auto, (max-width: 300px) 100vw, 300px" /></a></p>

2017/07/Verkehrssituation-Eversbuschstraße-c-A-Pütz.jpg

Verkehrssituation-Eversbuschstraße-c-A-Pütz-150x150.jpg

http://igvau.de/wp-content/uploads/2017/07/Verkehrssituation-Eversbuschstraße-c-A-Pütz-150x150.jpg

Verkehrssituation-Eversbuschstraße-c-A-Pütz-300x225.jpg

http://igvau.de/wp-content/uploads/2017/07/Verkehrssituation-Eversbuschstraße-c-A-Pütz-300x225.jpg

Verkehrssituation-Eversbuschstraße-c-A-Pütz-768x576.jpg

http://igvau.de/wp-content/uploads/2017/07/Verkehrssituation-Eversbuschstraße-c-A-Pütz-768x576.jpg

Verkehrssituation-Eversbuschstraße-c-A-Pütz-1024x768.jpg

http://igvau.de/wp-content/uploads/2017/07/Verkehrssituation-Eversbuschstraße-c-A-Pütz-1024x768.jpg

Verkehrssituation-Eversbuschstraße-c-A-Pütz-88x88.jpg

http://igvau.de/wp-content/uploads/2017/07/Verkehrssituation-Eversbuschstraße-c-A-Pütz-88x88.jpg

Verkehrssituation-Eversbuschstraße-c-A-Pütz-816x612.jpg

http://igvau.de/wp-content/uploads/2017/07/Verkehrssituation-Eversbuschstraße-c-A-Pütz-816x612.jpg

Verkehrssituation-Eversbuschstraße-c-A-Pütz-400x200.jpg

http://igvau.de/wp-content/uploads/2017/07/Verkehrssituation-Eversbuschstraße-c-A-Pütz-400x200.jpg

Verkehrssituation-Eversbuschstraße-c-A-Pütz.jpg
